se 13?
2
Convert -14 (base 8) to base 5.
-22
Convert -10 (base 11) to base 2.
-1011
What is -212 (base 4) in base 15?
-28
What is 42 (base 8) in base 9?
37
What is -c (base 15) in base 4?
-30
What is 1 (base 5) in base 12?
1
What is -42 (base 9) in base 11?
-35
Convert 7 (base 9) to base 3.
21
Convert -3 (base 4) to base 13.
-3
What is 1 (base 5) in base 16?
1
Convert 5 (base 16) to base 4.
11
Convert -115 (base 7) to base 10.
-61
What is 0 (base 13) in base 11?
0
-1000101 (base 2) to base 7
-126
What is 3 (base 11) in base 2?
11
3 (base 10) to base 7
3
Convert 46 (base 7) to base 10.
34
-114 (base 8) to base 5
-301
What is -4 (base 7) in base 15?
-4
2 (base 14) to base 8
2
What is -5 (base 14) in base 2?
-101
What is 0 (base 14) in base 16?
0
2 (base 12) to base 13
2
What is -100110 (base 2) in base 6?
-102
Convert -122 (base 8) to base 9.
-101
0 (base 9) to base 12
0
Convert -5 (base 10) to base 2.
-101
4 (base 15) to base 8
4
What is 4 (base 16) in base 4?
10
What is -3 (base 15) in base 9?
-3
-560 (base 7) to base 2
-100011111
-2 (base 10) to base 8
-2
What is -193 (base 12) in base 14?
-143
What is -2 (base 13) in base 12?
-2
Convert 29 (base 11) to base 12.
27
2 (base 14) to base 8
2
Convert -3312 (base 4) to base 13.
-15c
c (base 13) to base 4
30
Convert 4 (base 16) to base 9.
4
Convert -22012 (base 3) to base 11.
-191
Convert 21 (base 9) to base 16.
13
Convert -77 (base 8) to base 6.
-143
11 (base 2) to base 14
3
Convert 110 (base 2) to base 11.
6
Convert 1 (base 15) to base 5.
1
What is -5 (base 15) in base 14?
-5
What is 17 (base 11) in base 6?
30
Convert 132 (base 9) to base 15.
75
What is 73 (base 9) in base 10?
66
What is -11001 (base 2) in base 3?
-221
What is -101 (base 3) in base 11?
-a
Convert 214 (base 11) to base 4.
10001
-b (base 15) to base 10
-11
What is 2 (base 5) in base 3?
2
50 (base 16) to base 13
62
Convert -1b (base 16) to base 15.
-1c
What is -53 (base 9) in base 4?
-300
20 (base 12) to base 10
24
What is -13 (base 11) in base 6?
-22
What is -6 (base 8) in base 15?
-6
Convert 1 (base 13) to base 7.
1
14 (base 8) to base 7
15
-35 (base 6) to base 13
-1a
Convert -24 (base 6) to base 13.
-13
Convert -14a (base 12) to base 9.
-244
What is 2 (base 7) in base 11?
2
-1 (base 13) to base 7
-1
What is 0 (base 15) in base 7?
0
-5b (base 14) to base 9
-100
What is -26a (base 13) in base 9?
-523
-2031 (base 5) to base 15
-12b
Convert 11 (base 10) to base 15.
b
What is -1 (base 3) in base 14?
-1
What is 23 (base 4) in base 13?
b
23 (base 13) to base 8
35
What is 2 (base 6) in base 9?
2
Convert -16 (base 7) to base 6.
-21
Convert -16 (base 10) to base 3.
-121
Convert -17 (base 13) to base 10.
-20
Convert 1 (base 14) to base 3.
1
Convert -12 (base 16) to base 14.
-14
-14 (base 16) to base 12
-18
10100 (base 3) to base 10
90
What is -38 (base 10) in base 2?
-100110
9 (base 15) to base 13
9
2 (base 4) to base 3
2
-213 (base 5) to base 15
-3d
Convert 24 (base 7) to base 12.
16
1 (base 16) to base 4
1
-22022 (base 3) to base 11
-194
Convert -135 (base 13) to base 16.
-d5
-d (base 15) to base 11
-12
0 (base 12) to base 5
0
Convert -72 (base 12) to base 10.
-86
-1 (base 6) to base 12
-1
1000 (base 3) to base 15
1c
What is 9 (base 11) in base 7?
12
-1 (base 13) to base 5
-1
Convert 4 (base 11) to base 4.
10
-20 (base 6) to base 10
-12
What is 6 (base 11) in base 15?
6
-4 (base 14) to base 5
-4
Convert 1010 (base 2) to base 8.
12
24 (base 10) to base 7
33
Convert -137 (base 8) to base 6.
-235
What is 4 (base 15) in base 2?
100
15 (base 6) to base 5
21
Convert -1c (base 15) to base 4.
-123
-2 (base 8) to base 3
-2
Convert 2 (base 12) to base 7.
2
-401 (base 5) to base 9
-122
Convert a (base 16) to base 4.
22
26 (base 14) to base 5
114
What is 203 (base 12) in base 14?
16b
Convert -11 (base 13) to base 14.
-10
Convert 1a (base 14) to base 7.
33
What is -11 (base 9) in base 8?
-12
What is -61 (base 8) in base 13?
-3a
-13 (base 15) to base 4
-102
Convert 0 (base 11) to base 13.
0
What is -9 (base 10) in base 4?
-21
What is -1 (base 7) in base 13?
-1
Convert -2 (base 12) to base 11.
-2
Convert -102 (base 4) to base 16.
-12
-4 (base 9) to base 15
-4
What is 107 (base 8) in base 2?
1000111
36 (base 9) to base 13
27
-76 (base 8) to base 7
-116
-30 (base 4) to base 5
-22
Convert 5 (base 10) to base 16.
5
Convert 9 (base 14) to base 10.
9
58 (base 13) to base 4
1021
Convert -bb (base 15) to base 10.
-176
Convert 22 (base 5) to base 9.
13
Convert -1 (base 9) to base 12.
-1
Convert -4 (base 10) to base 9.
-4
-9d (base 14) to base 2
-10001011
Convert 66 (base 11) to base 6.
200
50 (base 16) to base 8
120
1 (base 2) to base 9
1
What is 1 (base 14) in base 13?
1
Convert -10 (base 4) to base 3.
-11
1301 (base 4) to base 9
135
110 (base 3) to base 15
c
What is -10 (base 2) in base 5?
-2
Convert -86 (base 11) to base 8.
-136
What is -100 (base 3) in base 10?
-9
Convert 6 (base 16) to base 7.
6
Convert 28 (base 12) to base 3.
1012
Convert 25 (base 6) to base 16.
11
Convert 3321 (base 4) to base 13.
162
What is -18 (base 11) in base 4?
-103
-2a (base 12) to base 5
-114
Convert 11 (base 11) to base 15.
c
What is -3 (base 16) in base 6?
-3
Convert -1310 (base 4) to base 2.
-1110100
Convert 1 (base 12) to base 11.
1
-4 (base 5) to base 8
-4
-112 (base 7) to base 16
-3a
What is 51 (base 10) in base 2?
110011
Convert -7 (base 9) to base 15.
-7
Convert -12 (base 8) to base 9.
-11
What is 4 (base 5) in base 8?
4
Convert 5 (base 8) to base 13.
5
-1111 (base 2) to base 10
-15
287 (base 12) to base 10
391
Convert -132 (base 4) to base 16.
-1e
What is -245 (base 7) in base 3?
-11212
Convert 1 (base 9) to base 14.
1
Convert -10 (base 15) to base 14.
-11
What is -2 (base 10) in base 3?
-2
What is -21 (base 3) in base 13?
-7
-1 (base 4) to base 6
-1
What is -18 (base 15) in base 6?
-35
Convert 106 (base 8) to base 15.
4a
-10 (base 6) to base 9
-6
Convert 26 (base 15) to base 4.
210
Convert 20 (base 16) to base 6.
52
-2 (base 4) to base 14
-2
-3 (base 10) to base 12
-3
Convert 4 (base 15) to base 9.
4
131 (base 4) to base 9
32
-10 (base 3) to base 5
-3
What is 0 (base 12) in base 15?
0
Convert 60 (base 15) to base 7.
156
What is -333 (base 4) in base 16?
-3f
What is 1 (base 5) in base 11?
1
What is b6 (base 16) in base 4?
2312
Convert 2 (base 5) to base 7.
2
Convert -35 (base 16) to base 10.
-53
-10 (base 4) to base 2
-100
What is -88 (base 15) in base 9?
-152
3 (base 15) to base 9
3
What is -7 (base 14) in base 5?
-12
What is 1 (base 4) in base 10?
1
0 (base 13) to base 6
0
-25 (base 6) to base 9
-18
Convert 14a (base 12) to base 9.
244
2 (base 4) to base 7
2
510 (base 8) to base 2
101001000
5 (base 15) to base 13
5
1020 (base 3) to base 14
25
Convert 310 (base 4) to base 14.
3a
What is -3 (base 10) in base 9?
-3
-167 (base 10) to base 9
-205
108 (base 12) to base 16
98
-20 (base 7) to base 11
-13
What is -18 (base 15) in base 12?
-1b
408 (base 9) to base 3
110022
22 (base 4) to base 10
10
-45 (base 6) to base 10
-29
Convert 7 (base 14) to base 11.
7
-a (base 16) to base 12
-a
-202 (base 4) to base 8
-42
0 (base 9) to base 14
0
Convert 0 (base 6) to base 5.
0
8 (base 15) to base 3
22
-3 (base 11) to base 16
-3
-2 (base 13) to base 8
-2
Convert 22 (base 12) to base 11.
24
Convert -5 (base 15) to base 8.
-5
Convert -4 (base 7) to base 12.
-4
Convert -2 (base 5) to base 6.
-2
Convert -1 (base 13) to base 16.
-1
What is 0 (base 11) in base 10?
0
Convert -225 (base 8) to base 13.
-b6
Convert 22 (base 10) to base 6.
34
What is -30 (base 9) in base 14?
-1d
Convert -2 (base 12) to base 3.
-2
-20 (base 16) to base 4
-200
What is 73 (base 12) in base 4?
1113
Convert 51 (base 6) to base 10.
31
87 (base 15) to base 13
9a
What is -1d (base 16) in base 5?
-104
What is -18 (base 12) in base 9?
-22
3 (base 16) to base 9
3
-cb (base 13) to base 16
-a7
What is -110011 (base 2) in base 13?
-3c
What is -e5 (base 15) in base 14?
-115
What is 8 (base 10) in base 3?
22
Convert 2 (base 8) to base 11.
2
1 (base 15) to base 2
1
Convert -9 (base 15) to base 3.
-100
Convert -2 (base 15) to base 7.
-2
What is 49 (base 12) in base 3?
2010
0 (base 6) to base 16
0
Convert 260 (base 11) to base 6.
1232
Convert -71 (base 12) to base 10.
-85
Convert -7 (base 15) to base 14.
-7
Convert 183 (base 9) to